24. Let n(o) be the first derivative of x(o). Give n(-2).
-16
Let l(o) = 25*o + 5. Let w(h) = 12*h + 2. Let q(i) = -4*l(i) + 9*w(i). Let c = 9 + -5. Let t(f) = -15*f + 4. Let x(y) = c*t(y) + 7*q(y). Calculate x(3).
-10
Let p(h) = -20*h. Let k(n) = -113*n - 106. Let g(s) = -k(s) + 5*p(s). Give g(-8).
2
Let v(r) = -r. Let j(g) = -g + 4. Let x(o) = o**3 - 3*o**2 + o - 3. Let l be x(3). Let q be j(l). Let t(p) = 8*p. Let c(y) = q*t(y) + 28*v(y). Determine c(-1).
-4
Let c(f) be the third derivative of -f**6/120 + f**5/20 + f**4/4 + f**3 + 14*f**2. Let d be c(5). Let k(q) = q**3 + 15*q**2 + 14*q + 5. Calculate k(d).
5
Suppose -3*r - 4 - 2 = 0. Let w(s) = -531*s + 4*s**3 + 1064*s + 0*s**3 - s**3 - 2 - 534*s + s**2. Determine w(r).
-20
Let u(w) = 9*w**3 - 1. Let j(v) = -v**3 - 15*v**2 - 11*v + 121. Let k be j(-10). Let q = k - -270. What is u(q)?
8
Let u(y) = 332*y + 3*y**2 - 1346*y - 2 + 338*y + 337*y + 334*y. Determine u(5).
48
Let w = 205 - 185. Let x be 3 + 135/w - (-6)/24. Let s(q) = q**2 - 11*q + 13. Give s(x).
3
Let b(a) be the first derivative of 2*a**3/3 - 7*a**2/2 - 12*a - 1653. Calculate b(-2).
10
Let c(o) be the second derivative of -o**4/6 + o**3/6 - 149*o. Let l(a) = a**2 - 7*a - 5. Let y be l(8). Suppose y = f - 0*f. Determine c(f).
-15
Let w(x) be the first derivative of x**5/120 - 7*x**4/24 - x**3/3 + 2. Let y(m) be the third derivative of w(m). Let k be (-7 + 184/24)*6. Calculate y(k).
-3
Suppose -4*o + 19 - 7 = 0. Suppose 4*s = -5*f - 10, -o*s = f + 2*f + 6. Let v(c) = c**3 + 4*c**2 + 2*c. Give v(f).
4
Suppose 4*u + 35 = w, -2*u = -21*w + 26*w + 1. Let j(h) = -h**2 - 5*h + 12. Calculate j(u).
-12
Let m(p) be the third derivative of 5*p**4/6 + 101*p**3/3 - 2065*p**2. Give m(-10).
2
Let w(x) = -x**2 - 10*x + 25. Let m be (-20)/50 - (-3 - -2 - 78/(-5)). Give w(m).
-50
Suppose 29*h - 12 - 75 = 0. Let v(j) = -3 - 4*j + 0 + h + 6 - j**2. Let c(f) = -f**3 - 9*f**2 + f + 3. Let b be c(-9). Determine v(b).
-6
Suppose -233*i = -127*i + 1060. Let t = 28 - 20. Let d be (t/i)/(9/45). Let l(x) = -x**3 - 4*x**2 + 2*x + 6. Give l(d).
-2
Let o(d) = -d**3 + 3*d**2 + 5*d. Let y(m) = 0*m**2 + 7*m - 5*m**2 - 6 - 93*m**3 + 94*m**3. Let l be y(4). Suppose 3*t + 12 = l*t. Give o(t).
4
Let v(b) = -b + 21. Let l(f) = -6*f - 16*f**2 + 9*f**2 - 5 - f**2 + 2*f**3. Let x be l(5). Give v(x).
6
Let z(t) = t + 9*t**2 - 3*t + t - 1 - 16*t**2. Let d be z(-1). Let g(x) = -x**2 - 11*x. What is g(d)?
28
Let k be (-18)/15*(-2375)/75. Let m(b) = -b**2 + 38*b. What is m(k)?
0
Suppose 6*n - 11 = n + 2*q, 6 = 4*n - 3*q. Let f be 11/(-2) + n/6. Let d(j) be the third derivative of j**5/60 + 5*j**4/24 - j**3 + 5*j**2. What is d(f)?
-6
Let c(h) = 10*h + 174. Suppose 0 = -13*t + 61*t + 816. Let w be c(t). Let q(d) = d + 4. Determine q(w).
8
Let v(y) = 32*y + 45. Let s(x) = 38*x + 45. Suppose -12*p = -13*p - j + 9, -4*j = p - 18. Let o(w) = p*s(w) - 7*v(w). What is o(12)?
3
Let g(n) = n**3 + 10*n**2 - n - 8. Let z be g(-10). Let w(f) = -4*f - 6 - f**2 + 12*f + f**2 + f**z. Let r(v) = -v**2 + 4*v + 5. Let j be r(6). What is w(j)?
-13
Let b(p) = -p + 5. Let f be b(-7). Let t be 4*(27/f - 2). Let n(z) be the third derivative of -z**5/60 + 11*z**2 - 6*z - 10. Calculate n(t).
-1
Let u(z) be the first derivative of -21*z**5/20 + z**4/6 + z**3/6 - 46*z - 130. Let a(q) be the first derivative of u(q). Calculate a(-1).
22
Let s(z) = -z - 4. Let p = 410 - 408. Suppose 3*u + f - 29 = 0, 2*f = -6*u + p*u + 42. Calculate s(u).
-12
Let b(c) be the first derivative of 3*c**2 + 1 - 2/3*c**3 - 5*c. Calculate b(3).
-5
Let n = -40 - -32. Let t be (1 + 0 - 2)/(n/(-8)). Let w(v) = -5 + 4*v + 3 + 2. Give w(t).
-4
Let l(d) = -11 - 2 - 1 - 8. Let s(j) = -j - 44. Let k(u) = 5*l(u) - 3*s(u). Calculate k(-9).
-5
Let n(c) = -26*c**2 - 13*c - 56. Let u(x) = 22*x**2 + 12*x + 56. Let g(s) = 6*n(s) + 7*u(s). Let f be g(-4). Let w(y) = y**3 - y**2 + y - 14. Calculate w(f).
-14
Let y(g) = g + 75*g**2 + 74*g**2 - 235*g**2 + 75*g**2 + 2. Determine y(-2).
-44
Let t(w) = 11*w + 110*w**3 - 53*w**3 - 3 - 56*w**3 + 10*w**2. Let r = 161 + -170. What is t(r)?
-21
Let d(y) be the second derivative of y**4/12 - y**3/2 - y**2/2 + y. Suppose 0 = -23*z + 25*z - 86. Suppose -z*i + 39*i + 16 = 0. Give d(i).
3
Let b(v) = -20*v + 5 - 7 + 0 + 8 + 2. Let o(y) = -27*y + 8. Let f(x) = 4*b(x) - 3*o(x). What is f(4)?
12
Let z(m) = -m**2 + m + 5. Let w = 185 - 126. Let d = w - 63. Let q be 3/(-5) - (258/(-30) - d). What is z(q)?
-7
Let v(b) = -b**3 + 20*b**2 - 74*b + 162. Let y be v(16). Let n(u) = -9*u + 6. Determine n(y).
-12
Let t(h) = -h**2 - 13*h + 8. Let y(z) be the first derivative of -3*z**4/4 - 20*z**3/3 + 5*z**2 + 10*z + 150. Let g be y(-7). Give t(g).
30
Let r(m) be the third derivative of -m**5/60 + 25*m**4/24 - 14*m**3/3 + 11671*m**2. What is r(26)?
-54
Let s(d) = d - 1. Let i = 2223 + -2223. Suppose -3 = -2*n - 1. Let v be (n + i)/(2/8). Determine s(v).
3
Suppose 6*w + 6 = -0*w. Let a be 2 - (w/4 + 9/(-12)). Let l be a*4*((-15)/(-6) - 3). Let p(i) = -i**3 - 5*i**2 + 5*i - 5. What is p(l)?
1
Let x(z) = -1 + 0 - 1 - 322*z + 3 + 11*z**2 + 324*z. Let c = 3 - 4. Give x(c).
10
Let o(p) = 198*p - 778. Let q(u) = 95*u - 372. Let x(s) = 23*o(s) - 48*q(s). Let f = -11 - -5. Give x(f).
-2
Let c(a) = a**2 - 7*a + 2. Let d be c(7). Let x(y) = -y**2 - 207*y**3 + 3 + 206*y**3 + 4*y**d + y. Calculate x(3).
6
Let w(z) = z**2 - z - 4. Let h(x) = x + 2. Let o be h(-5). Let j be w(o). Let k(b) = 8 + 4*b - 6*b - 10 + 10. What is k(j)?
-8
Let d = -1552 + 1538. Let r(i) = 2*i**3 + 30*i**2 + 28*i - 12. Give r(d).
-12
Let f(i) be the second derivative of 4*i**3/3 - 45*i**2 - 48*i - 11. Calculate f(9).
-18
Let p be -4*(-2 + (3/21)/(32/392)). Let d(f) = -11*f**2 - 4*f + 2. Give d(p).
-13
Let f be 6/(-2)*(-10)/15. Suppose -4*x + 4*d + 8 = -12, 0 = 5*x - d - 9. Let s(u) = -u**2 - 153*u + x - 145*u + 296*u. Calculate s(f).
-7
Let w(u) be the first derivative of -u**4/4 - 7*u**3/3 - 15*u**2/2 - 8*u - 3044. What is w(-4)?
4
Suppose -4*o + 108 = -y, -o - y + 2*y + 27 = 0. Suppose o = 5*s - 3. Suppose s*z = 7*z - 5. Let b(q) = 2*q + 5. Give b(z).
15
Let p = -38 + 101. Let k = p - 133. Let c = k - -74. Let h(j) = j**3 - 4*j**2 + 2*j - 3. Give h(c).
5
Let s(i) = 3*i**2 - 65*i + 101. Let g be s(20). Let l(f) = -f - 1. Let o(u) = 3*u + 3. Let r(n) = -5*l(n) - 2*o(n). Calculate r(g).
-2
Let v = -18 - -20. Let h(x) = -99 - x**v + 208 - 105. Let o(s) = s**3 - s**2 + s. Let f be o(0). Calculate h(f).
4
Let u(o) = -5*o**3 - 4*o**2 + 7*o - 5. Let v(s) = 3*s**3 - s**2 - 2. Let r(y) = -u(y) - 2*v(y). Determine r(5).
-1
Let g(m) = m**2 - 8*m - 205. Suppose -1599 = -100*b + 406 - 105. What is g(b)?
4
Let x(b) be the second derivative of -b**4/12 + 4*b**3/3 + 6*b**2 - 2*b. Let p be ((-1)/7)/((-205)/14350). What is x(p)?
-8
Let w(m) = -2*m**2 - 16*m - 16. Let p(r) = -3*r**2 - 15*r - 18. Let a(u) = -4*p(u) + 5*w(u). Determine a(10).
-8
Suppose 3*u + 4*a - 52 = 0, 0 = -5*u + a + 4*a + 75. Let y be (-18 - -14)*2/(u/6). Let g(n) = -2*n**2 + n - 4. Calculate g(y).
-25
Let o(f) = 9*f - 83. Let m(v) = 20*v - 179. Let i(p) = 6*m(p) - 13*o(p). Calculate i(-5).
-10
Let o(c) = 6*c**3 - 9*c**2 + 2*c - 8. Let q(g) = -g**3 + g**2 - g + 1. Let m(v) = o(v) + 5*q(v). Suppose 24*i + 77 = 173. Give m(i).
-15
Suppose -12*x - 11*x + 207 = 0. Suppose -15*j - x - 6 = 0. Let t(w) = -5*w + 5. Let a(m) = 2*m - 3. Let r(g) = 7*a(g) + 4*t(g). Give r(j).
5
Let h be -1*(-2 - -4) + 5 + 2. Suppose -22 = h*z + 8. Let y(s) be the first derivative of s**4/4 + 5*s**3/3 - 3*s**2 + s - 26. Give y(z).
1
Let m(c) = -2*c + 3*c - 3 - 2*c - 8385*c**3 + 3*c**2 + 4190*c**3 + 4194*c**3. Determine m(-4).
113
Suppose -3*a = -4*b + 33, 5*b - 3*a - 16 - 26 = 0. Suppose 0 = 2*p - b*p + 196. Let i(t) = 4 - 10 + p*t - 26*t. What is i(4)?
2
Let v = 1 + 17. Let f = v + -18. Let g(i) = i**3 + 2*i**2 - i + 2. Let h(b) = -6*b**3 - 11*b**2 + 5*b - 10. Let q(w) = 11*g(w) + 2*h(w). Give q(f).
2
Let s(l) = 26*l**2 + 7*l - 5. Let i(p) = -2*p**2 + p - 1. Let u(a) = -5*i(a) + s(a). What is u(-1)?
34
Let t(s) = -s + 4. Let i be t(1). Suppose 0 = i*b - r - 16, -4*b + 30 = -4*r + 6. Let g(h) = 3*h - 3*h + b*h + 1 - 3*h. Calculate g(-2).
-3
Let h(q) = q**3 + 3*q**2 + 2*q. Let k(z) = z**3 - 9*z**2 - 26*z + 27. Let w be k(-3). Calculate h